 remainder when 238 is divided by 4.
2
What is the remainder when 327 is divided by 84?
75
Calculate the remainder when 20 is divided by 11.
9
What is the remainder when 154 is divided by 70?
14
Calculate the remainder when 2276 is divided by 26.
14
Calculate the remainder when 3118 is divided by 78.
76
What is the remainder when 221 is divided by 32?
29
Calculate the remainder when 701 is divided by 141.
137
Calculate the remainder when 2071 is divided by 344.
7
What is the remainder when 174 is divided by 23?
13
What is the remainder when 922 is divided by 50?
22
What is the remainder when 4338 is divided by 22?
4
Calculate the remainder when 729 is divided by 19.
7
What is the remainder when 277 is divided by 14?
11
What is the remainder when 296 is divided by 102?
92
Calculate the remainder when 307 is divided by 26.
21
Calculate the remainder when 187 is divided by 32.
27
Calculate the remainder when 328 is divided by 30.
28
Calculate the remainder when 1511 is divided by 115.
16
What is the remainder when 29069 is divided by 153?
152
Calculate the remainder when 51 is divided by 10.
1
What is the remainder when 1784 is divided by 592?
8
Calculate the remainder when 273 is divided by 12.
9
Calculate the remainder when 84 is divided by 32.
20
What is the remainder when 131 is divided by 18?
5
What is the remainder when 82 is divided by 50?
32
What is the remainder when 302 is divided by 86?
44
What is the remainder when 21277 is divided by 76?
73
Calculate the remainder when 10621 is divided by 16.
13
Calculate the remainder when 1102 is divided by 46.
44
Calculate the remainder when 115 is divided by 46.
23
What is the remainder when 569 is divided by 5?
4
What is the remainder when 761 is divided by 77?
68
What is the remainder when 40 is divided by 13?
1
What is the remainder when 115 is divided by 60?
55
Calculate the remainder when 629 is divided by 9.
8
What is the remainder when 185 is divided by 17?
15
What is the remainder when 321 is divided by 14?
13
What is the remainder when 700 is divided by 71?
61
What is the remainder when 298 is divided by 147?
4
Calculate the remainder when 133 is divided by 21.
7
What is the remainder when 148 is divided by 53?
42
What is the remainder when 185 is divided by 75?
35
What is the remainder when 228 is divided by 59?
51
Calculate the remainder when 58 is divided by 10.
8
Calculate the remainder when 35 is divided by 8.
3
What is the remainder when 41 is divided by 35?
6
Calculate the remainder when 370 is divided by 105.
55
Calculate the remainder when 2146 is divided by 45.
31
Calculate the remainder when 379 is divided by 38.
37
What is the remainder when 5245 is divided by 29?
25
Calculate the remainder when 115 is divided by 22.
5
What is the remainder when 405 is divided by 9?
0
What is the remainder when 422 is divided by 49?
30
Calculate the remainder when 163 is divided by 13.
7
What is the remainder when 3497 is divided by 7?
4
What is the remainder when 458 is divided by 16?
10
What is the remainder when 801 is divided by 21?
3
Calculate the remainder when 212 is divided by 10.
2
Calculate the remainder when 1625 is divided by 44.
41
Calculate the remainder when 16 is divided by 15.
1
Calculate the remainder when 322 is divided by 76.
18
What is the remainder when 456 is divided by 191?
74
What is the remainder when 157 is divided by 34?
21
What is the remainder when 1038 is divided by 42?
30
What is the remainder when 142 is divided by 33?
10
What is the remainder when 91 is divided by 51?
40
What is the remainder when 340 is divided by 62?
30
What is the remainder when 421 is divided by 39?
31
Calculate the remainder when 2189 is divided by 73.
72
What is the remainder when 806 is divided by 402?
2
Calculate the remainder when 180 is divided by 73.
34
Calculate the remainder when 1548 is divided by 50.
48
What is the remainder when 165 is divided by 78?
9
Calculate the remainder when 7000 is divided by 24.
16
What is the remainder when 363 is divided by 28?
27
Calculate the remainder when 211 is divided by 29.
8
Calculate the remainder when 1826 is divided by 63.
62
What is the remainder when 80 is divided by 18?
8
Calculate the remainder when 120 is divided by 112.
8
What is the remainder when 344 is divided by 114?
2
What is the remainder when 1118 is divided by 371?
5
Calculate the remainder when 67 is divided by 7.
4
Calculate the remainder when 990 is divided by 986.
4
Calculate the remainder when 365 is divided by 10.
5
Calculate the remainder when 289 is divided by 73.
70
What is the remainder when 833 is divided by 211?
200
What is the remainder when 1807 is divided by 1789?
18
Calculate the remainder when 9 is divided by 3.
0
What is the remainder when 1690 is divided by 19?
18
What is the remainder when 105 is divided by 48?
9
Calculate the remainder when 173 is divided by 17.
3
Calculate the remainder when 73 is divided by 32.
9
Calculate the remainder when 12864 is divided by 155.
154
Calculate the remainder when 442 is divided by 89.
86
What is the remainder when 277 is divided by 40?
37
Calculate the remainder when 2866 is divided by 716.
2
Calculate the remainder when 395 is divided by 80.
75
What is the remainder when 318 is divided by 18?
12
What is the remainder when 194 is divided by 100?
94
What is the remainder when 169 is divided by 60?
49
Calculate the remainder when 926 is divided by 32.
30
Calculate the remainder when 301 is divided by 38.
35
Calculate the remainder when 23 is divided by 11.
1
Calculate the remainder when 2792 is divided by 280.
272
Calculate the remainder when 75 is divided by 7.
5
Calculate the remainder when 397 is divided by 111.
64
What is the remainder when 82 is divided by 29?
24
What is the remainder when 4011 is divided by 17?
16
Calculate the remainder when 202 is divided by 6.
4
Calculate the remainder when 562 is divided by 4.
2
What is the remainder when 45 is divided by 36?
9
Calculate the remainder when 7 is divided by 2.
1
What is the remainder when 118 is divided by 33?
19
What is the remainder when 236 is divided by 10?
6
Calculate the remainder when 2901 is divided by 230.
141
Calculate the remainder when 154 is divided by 6.
4
What is the remainder when 556 is divided by 69?
4
What is the remainder when 919 is divided by 153?
1
Calculate the remainder when 173 is divided by 135.
38
What is the remainder when 593 is divided by 53?
10
What is the remainder when 2164 is divided by 19?
17
What is the remainder when 339 is divided by 34?
33
What is the remainder when 2176 is divided by 168?
160
Calculate the remainder when 5958 is divided by 271.
267
What is the remainder when 1851 is divided by 59?
22
Calculate the remainder when 158 is divided by 18.
14
Calculate the remainder when 70 is divided by 15.
10
Calculate the remainder when 134 is divided by 17.
15
Calculate the remainder when 748 is divided by 36.
28
Calculate the remainder when 572 is divided by 133.
40
What is the remainder when 1923 is divided by 18?
15
Calculate the remainder when 159 is divided by 81.
78
What is the remainder when 91 is divided by 32?
27
Calculate the remainder when 518 is divided by 90.
68
Calculate the remainder when 316 is divided by 77.
8
Calculate the remainder when 1227 is divided by 123.
120
Calculate the remainder when 237 is divided by 8.
5
What is the remainder when 3761 is divided by 71?
69
Calculate the remainder when 238 is divided by 15.
13
What is the remainder when 119 is divided by 32?
23
Calculate the remainder when 359 is divided by 45.
44
Calculate the remainder when 315 is divided by 116.
83
What is the remainder when 113 is divided by 14?
1
Calculate the remainder when 5150 is divided by 77.
68
What is the remainder when 789 is divided by 132?
129
What is the remainder when 8907 is divided by 59?
57
What is the remainder when 312 is divided by 35?
32
What is the remainder when 42 is divided by 26?
16
Calculate the remainder when 77 is divided by 9.
5
What is the remainder when 1923 is divided by 148?
147
What is the remainder when 11225 is divided by 19?
15
What is the remainder when 71 is divided by 45?
26
What is the remainder when 49 is divided by 18?
13
What is the remainder when 220 is divided by 205?
15
Wha